
Let f(s) = 2*s - 3. What is f(-8)?
-19
Let y(w) = 6*w - 10. Give y(7).
32
Let f(s) = s**2 + 6*s - 13. Give f(-7).
-6
Let u(n) = 2*n**2 - 3*n + 1. Determine u(2).
3
Let s(h) = h**2 - 8*h + 4. What is s(6)?
-8
Let q(u) = 16*u - 273. Give q(17).
-1
Let q(s) = s**2 + 13*s - 18. What is q(-12)?
-30
Let s(w) = 3*w**2 + 35*w - 19. Calculate s(-12).
-7
Let p(a) = 16*a**2 + 2*a - 2. Calculate p(2).
66
Let g(j) = -j**2 - 8*j + 27. Give g(-11).
-6
Let z(h) = -27*h - 1. What is z(-1)?
26
Let o(u) = -u**3 + 19*u**2 + 19*u + 12. What is o(20)?
-8
Let f(k) = -k**3 - 2*k**2 + 3*k - 2. Determine f(-3).
-2
Let r(t) = -t**3 + 2*t**2 + 7*t - 2. Calculate r(5).
-42
Let n(x) = -x**2 + 44*x + 4. Determine n(44).
4
Let w(v) = v**2 - 30*v + 114. Calculate w(26).
10
Let i(v) = v**2 - 13*v + 26. What is i(10)?
-4
Let f(j) = 2*j + 4. What is f(-6)?
-8
Let c(m) = 4*m + 18. Determine c(-3).
6
Let o(c) = -c - 8. Give o(-8).
0
Let f(v) = -70*v + 1046. Determine f(15).
-4
Let c(d) = d**2 + 3*d + 2. Determine c(-5).
12
Let o(m) = -11*m - 130. Determine o(-12).
2
Let i(p) = p + 29. Give i(-12).
17
Let t(p) = p + 1. What is t(-16)?
-15
Let z(d) = d**2 - 2*d - 41. Calculate z(7).
-6
Let q(y) = 2*y**2 - 13*y - 3. Give q(7).
4
Let x(l) = -l**2 + 13*l + 13. Give x(12).
25
Let i(m) = -m**2 - 4*m + 36. Determine i(4).
4
Let f(d) = d**3 - 6*d**2 - 13*d + 25. What is f(7)?
-17
Let w(o) = -o**3 + 13*o**2 - 9*o + 15. What is w(12)?
51
Let u(c) = c**2 - 27*c + 104. Calculate u(23).
12
Let w(g) = g**3 + 7*g**2 - 4*g + 7. Determine w(-7).
35
Let l(k) = k**2 - 19*k - 54. Give l(22).
12
Let o(k) = k**2 + 9*k + 5. Calculate o(-10).
15
Let r(t) = -2*t**2 + 20*t + 27. Determine r(10).
27
Let y(d) = -d**2 + 16*d + 34. What is y(18)?
-2
Let k(d) = d**3 - 3*d**2 + 1. Calculate k(4).
17
Let h(f) = 2*f**3 - 25*f**2 + 49*f + 5. Determine h(10).
-5
Let p(c) = 2*c**2 + 53*c - 123. Give p(-29).
22
Let u(o) = o**2 - 11. Determine u(-5).
14
Let d(m) = -6*m - 31. Calculate d(-3).
-13
Let s(k) = -2*k - 88. What is s(0)?
-88
Let o(y) = -3*y**2 + 3*y - 1. Give o(4).
-37
Let s(h) = 8*h - 1. What is s(-3)?
-25
Let a(j) = j**2 + 3*j - 7. Determine a(-4).
-3
Let y(u) = -3*u + 26. Determine y(12).
-10
Let m(r) = r**2 - 26*r + 57. What is m(24)?
9
Let w(n) = -n**2 - 5*n - 7. Calculate w(-6).
-13
Let i(m) = -m**3 + 10*m - 8. Calculate i(3).
-5
Let a(l) = -l**3 + 14*l**2 + 10*l + 3. Give a(15).
-72
Let f(u) = -2*u + 6. What is f(8)?
-10
Let u(i) = -2*i + 19. Determine u(8).
3
Let n(a) = 9*a - 15. What is n(2)?
3
Let n(v) = v**3 - 18*v**2 - v - 2. Calculate n(18).
-20
Let n(x) = -x**2 + 16*x + 29. What is n(15)?
44
Let i(u) = -5*u + 1. Give i(1).
-4
Let h(f) = -6*f + 63. Give h(7).
21
Let j(w) = 7*w + 34. Give j(-10).
-36
Let g(z) = -5*z**2 + 8*z - 6. Calculate g(2).
-10
Let c(a) = 8*a + 28. Determine c(-5).
-12
Let z(o) = o**2 + 2*o - 27. Calculate z(5).
8
Let d(y) = -4*y + 21. What is d(6)?
-3
Let g(k) = 2*k - 99. Give g(36).
-27
Let w(p) = p**2 + 7*p - 6. What is w(4)?
38
Let u(a) = 3*a + 9. Calculate u(-3).
0
Let q(f) = -12*f - 25. What is q(-11)?
107
Let v(b) = b - 20. Calculate v(19).
-1
Let q(u) = -13*u + 4. What is q(2)?
-22
Let y(s) = -s**3 - 9*s**2 + 11*s - 1. Calculate y(-10).
-11
Let d(y) = -2*y**2 - 14*y + 20. What is d(-9)?
-16
Let m(o) = 6*o + 170. Determine m(-27).
8
Let n(p) = -p**2 + 12*p - 7. Calculate n(10).
13
Let p(d) = -3*d + 67. Calculate p(8).
43
Let r(h) = -h + 15. Calculate r(5).
10
Let c(t) = t**2 + 3*t + 4. What is c(-2)?
2
Let l(n) = -2*n + 3. What is l(-3)?
9
Let m(r) = -2*r**2 + 33*r + 17. Determine m(17).
0
Let h(d) = 2*d + 34. What is h(16)?
66
Let h(z) = -3*z**2 + 5*z + 42. What is h(-4)?
-26
Let l(m) = -3*m**3 - 3*m**2 + m + 2. Calculate l(3).
-103
Let z(d) = -d**2 + 12*d + 16. Calculate z(13).
3
Let c(o) = 3*o**3 - 15*o**2 - 11*o + 50. Determine c(5).
-5
Let s(v) = v + 2. Determine s(-16).
-14
Let x(k) = k**2 + 19*k - 242. Determine x(-27).
-26
Let k(j) = -j**2 - 3*j + 2. What is k(-4)?
-2
Let a(x) = -x**3 + 8*x**2 - 3*x + 23. Give a(7).
51
Let x(v) = -126*v + 2650. Give x(21).
4
Let i(r) = r**2 - 37*r + 80. Determine i(34).
-22
Let t(o) = -o**3 - 9*o**2 - 11*o - 3. Give t(-8).
21
Let f(u) = 5*u + 15. Calculate f(-2).
5
Let h(o) = -2*o**2 - 33*o - 16. What is h(-19)?
-111
Let l(j) = 5*j + 6. Give l(18).
96
Let u(l) = 25*l + 2. What is u(-2)?
-48
Let n(w) = -4*w**3 + 9*w**2 - 6*w + 2. Give n(2).
-6
Let i(p) = -p**2 + 3*p + 32. What is i(-4)?
4
Let q(x) = 9*x**3 - 2*x + 1. What is q(1)?
8
Let q(k) = -k**3 + 10*k**2 + 12*k - 11. What is q(11)?
0
Let a(c) = c**3 - 41*c**2 + 3*c - 123. Determine a(41).
0
Let f(w) = -w**3 - 15*w**2 + 16. Calculate f(-15).
16
Let i(x) = -5*x + 7. Determine i(-5).
32
Let l(p) = -p**2 + 11*p - 1. Calculate l(9).
17
Let b(i) = -i**2 + 10*i - 14. What is b(10)?
-14
Let r(c) = -2*c**3 + 17*c**2 - 35*c + 105. What is r(7)?
7
Let h(k) = -k - 6. Give h(7).
-13
Let d(l) = l**2 + 5*l - 8. Give d(4).
28
Let q(y) = 9*y - 48. What is q(9)?
33
Let t(z) = -z**2 + 24*z - 21. What is t(23)?
2
Let n(r) = -r**2 - 2*r + 8. What is n(6)?
-40
Let v(s) = -3*s**2 + 4*s - 2. What is v(2)?
-6
Let w(m) = -m - 12. Give w(-7).
-5
Let s(r) = -6*r + 3. Give s(4).
-21
Let k(u) = -6*u + 48. Give k(7).
6
Let l(t) = t**3 - 25*t**2 + 23*t + 30. Calculate l(24).
6
Let g(y) = -y**3 - 10*y**2 - 18*y - 87. Determine g(-9).
-6
Let f(s) = -3*s + 5. Give f(2).
-1
Let o(q) = -3*q**2 + 4*q + 11. What is o(5)?
-44
Let c(y) = -y**2 + 10*y + 9. Determine c(12).
-15
Let i(y) = -8*y**3 + y**2 - 2*y + 1. Determine i(1).
-8
Let s(x) = -x**3 + 6*x**2 + 6*x + 1. Calculate s(7).
-6
Let j(d) = -d**2 + 2*d + 26. Determine j(7).
-9
Let q(v) = -v**2 + v - 21. What is q(0)?
-21
Let o(p) = -9*p + 2. Calculate o(1).
-7
Let u(q) = -4*q - 98. Give u(-24).
-2
Let z(c) = -c**3 - 17*c**2 + 35*c + 1. Calculate z(2).
-5
Let w(m) = -5*m**2 + 4. What is w(3)?
-41
Let k(r) = -r**2 - 24. Calculate k(0).
-24
Let i(z) = z**2 - 4*z - 2. Determine i(6).
10
Let v(p) = p**3 - 5*p**2 - 11*p + 15. What is v(7)?
36
Let y(m) = -22*m - 130. Determine y(-6).
2
Let s(h) = -h**3 - 6*h**2 + 4*h + 7. Give s(-5).
-38
Let l(c) = -c**3 + 7*c**2 + 6*c - 10. Determine l(8).
-26
Let k(g) = -g**3 + 41*g**2 - 152*g + 146. Determine k(37).
-2
Let t(s) = -s - 11. Determine t(7).
-18
Let m(o) = 16*o - 2. What is m(-2)?
-34
Let b(z) = 2*z**2 + 28*z - 145. Calculate b(-18).
-1
Let u(r) = 11*r + 7. What is u(-3)?
-26
Let j(s) = -s - 136. What is j(-25)?
-111
Let o(f) = f**3 + 6*f**2 + 9*f + 7. What is o(-6)?
-47
Let p(q) = -2*q + 26. What is p(11)?
4
Let d(z) = 4*z**2 + 20*z + 9. Determine d(-5).
9
Let b(j) = 19*j + 159. Give b(-8).
7
Let h(w) = 6*w - 221. What is h(39)?
13
Let k(i) = i**2 + 19*i + 22. What is k(-18)?
4
Let k(y) = -y**3 - 3*y**2 + 5*y - 22. What is k(-5)?
3
Let h(p) = -p**3 + 12*p**2 + 20*p - 14. What is h(13)?
77
Let q(u) = u**2 - 5*u - 4. Give q(7).
10
Let q(s) = s**3 - 8*s**2 + 6*s + 8. What is q(7)?
1
Let s(w) = w**3 + 14*w**2 + 13*w - 10. What is s(-13)?
-10
Let r(w) = -15*w - 108. Give r(-7).
-3
Let g(r) = r**3 - 7*r**2 + 6*r + 15. Give g(5).
-5
Let j(m) = 6*m**2 + 33*m + 32. What is j(-4)?
-4
Let a(y) = -y**3 - 11*y**2 + 2*y + 8. Give a(-11).
-14
Let d(y) = -11*y**2 - 18*y + 1. Give d(-2).
-7
Let v(j) = 2*j - 5. What is v(3)?
1
Let n(k) = -5*k - 46. Give n(-10).
4
Let g(b) = -b**2 + 4*b + 2. Give g(4).
2
Let k(u) = -29*u + 10. What is k(4)?
-106
Let n(s) = -40*s + 1. Give n(-1).
41
Let w(r) = r - 5. Give w(12).
7
Let p(s) = 137*s - 133. Give p(1).
4
Let m(r) = r**2 + 11*r - 6. Determine m(-12).
6
Let i(n) = -9*n**3 + 2*n**2 + 2*n - 3. Calculate i(2).
-63
Let a(r) = -r**3 + 11*r**2 - 3*r - 16. Determine a(11).
-49
Let m(t) = -12*t**3 - 1. Give m(1).
-13
Let u(l) = -2*l + 5. Give u(-3).
11
Let i(f) = -f**2 + 10*f - 11. Give i(12).
-35
Let h(u) = -4*u - 2. Give h(-5).
18
Let h(j) = j**3 - 8*j**2 - 7*j + 5. What is h(4)?
-87
Let f(m) = -26*m + 428. What is f(16)?
12
Let v(q) = q**3 + 2*q**2 + 4*q + 1. What is v(-3)?
-20
Let a(r) = -r**3 + r**2 + 12*r - 4. Calculate a(4).
-4
Let j(b) = -b**2 + 10*b - 12. Give j(10).
-12
Let b(x) = -5*x**2 - 5*x. Calculate b(-2).
-10
Let r(n) = -n**2 - 20*n + 1. Calculate r(-20).
1
Let i(j) = 9*j - 9. What is i(-4)?
-45
Let o(b) = 15*b**2 - 4*b + 2. Calculate o(1).
13
Let o(n) = 3*n + 7. Calculate o(7